 t*o, -2*s = -5*o - 6. Give h(o).
-1
Let y(h) = -33*h + h**2 - 15*h**2 - 14 + 35*h. Let b(p) = 5*p**2 - p + 5. Let u(z) = 8*b(z) + 3*y(z). Determine u(-1).
-2
Let p(l) = -l + 4 + 2*l + 0*l. Let y = 48 - 5. Suppose -y + 3 = 8*i. What is p(i)?
-1
Suppose 3*t - 8*t + 10 = 2*p, 0 = -t + p - 5. Let l(x) be the first derivative of -1/3*x**3 + 1/2*x**2 - 6 + 7*x. Determine l(t).
7
Suppose 7*m - 7 = -35. Let d(p) be the second derivative of 8*p - 1/12*p**4 + 0 + 5/2*p**2 - 2/3*p**3. Calculate d(m).
5
Let v = -232 + 237. Let s(i) = -4*i - 3 - i**2 - 3*i**2 + i**3 + 0*i**2. Give s(v).
2
Suppose 3*r + 4*l = -38, -3*l = 4*r - 2*l + 29. Let c(p) = p**3 + 6*p**2 + 2*p + 6. Determine c(r).
-6
Let w be -22*11/44*(1 + -3). Suppose -4*m - 37 = 7*c - 2*c, 2*m + w = -c. Let z(i) = -i**2 - i + 3. What is z(m)?
-3
Let h(f) be the second derivative of -f**4/12 - f**3/2 + 3*f**2/2 - 20*f - 1. Give h(0).
3
Let u(h) = -1 - 40*h + 14*h + 8*h + 8*h. Calculate u(3).
-31
Suppose 8 = -4*m, -7*m = 5*d - 2*m. Let i(l) = -11*l**2 + 3*l - 3. Give i(d).
-41
Let q be (3/(-6))/((-1)/(-2)). Let r(d) be the first derivative of -4*d**3/3 + d**2/2 + d - 86. Give r(q).
-4
Let q(r) = r**2 - 2*r + 4. Let y be (-3)/7 + ((-126)/(-49))/6. Give q(y).
4
Suppose 10 + 4 = 2*q. Let h(o) = -8 - 2*o + 0*o + 8 + q. Give h(7).
-7
Let h(z) = 1 + 0*z - 11*z + 6*z + 3*z. Calculate h(3).
-5
Let y(r) = 46*r - 138*r + 39*r - 15 + 17*r. Let p(n) = 5*n + 2. Let q(f) = -15*p(f) - 2*y(f). Give q(2).
-6
Let c(g) = g**3 - 14*g**2 + 13*g + 10. Let d(p) = -3*p**3 + 41*p**2 - 38*p - 29. Let s(j) = -j - 37. Let y be s(-20). Let z(o) = y*c(o) - 6*d(o). What is z(6)?
-26
Let l(s) = -66020 + 66015 + 2*s + 0*s. Suppose -5*a - 10 = 2*g, -3*g - 5 = a + 10. Suppose a*j = -j + 6. Determine l(j).
7
Suppose 4*y + 0*y = 28. Let m(g) = -25*g + 14. Let f(j) = -6*j + 1. Let x(u) = 4*f(u) - m(u). Determine x(y).
-3
Let k = -17 + 22. Suppose k = -0*u - u. Let p be 4*5/u + 3. Let g(m) = -10*m**2 - 2*m - 1. Determine g(p).
-9
Let f(b) = b**2 - 4*b + 2. Let x(y) = -2. Let u(i) = f(i) - x(i). What is u(6)?
16
Suppose 21 + 35 = -8*n. Let c(h) = -h**3 - 8*h**2 - 9*h - 11. What is c(n)?
3
Let l = -5 - -9. Suppose -5*r = -20, 0*r - 5*r + 19 = -k. Let f(b) = k + 6*b**2 - l*b - 4*b**2 - b**2. What is f(4)?
1
Let t(l) = -2*l - 13. Let k(f) = 4*f + 19. Let r(y) = 2*k(y) + 3*t(y). Calculate r(5).
9
Let a(x) be the first derivative of -x**2/2 + 10*x + 730. What is a(-2)?
12
Let s(q) = q + 8. Let f(i) = -i - 8. Let d(c) = 5*c + 14. Let r be d(-4). Let h(b) = r*f(b) - 5*s(b). Calculate h(0).
8
Let g(p) = -10*p - 1. Suppose 34*b = -33 - 1. Give g(b).
9
Let s(t) = -t**3 + 5*t**2 - 6*t + 1. Let q be s(4). Let m(j) = -j**3 - 7*j**2 - j - 4. Let d be m(q). Let v(h) = -h**2 - 3 + d - 2 + 4*h + 0*h. Give v(4).
-2
Let m be (-1 - 0/(-5))*1. Let v(u) be the first derivative of -4*u**2 + u + 1. What is v(m)?
9
Let p(j) be the first derivative of j**5/120 + 3*j**4/8 + j**3/3 + 1. Let c(w) be the third derivative of p(w). Suppose 3*g - b = -13, 4 = b + 3. What is c(g)?
5
Let r(w) = -2*w + 4. Let l = -56 - -59. Let z be (0 - 6/(-5))/(l/(-15)). Give r(z).
16
Suppose -4*o - 12 = -7*o. Let j be (4 - 9)*o/5. Let k(t) = -t**3 - 5*t**2 - 2*t. Calculate k(j).
-8
Let d(v) = -3*v - 7. Let q = -10 + 5. Let n(b) = 4*b + 8. Let g(s) = q*n(s) - 6*d(s). Let h = -65 - -62. What is g(h)?
8
Let h(v) = 22*v - 2. Let x(n) = -18*n + 2. Let g(m) = -4*h(m) - 5*x(m). What is g(-12)?
-26
Let q be (10 - 9)/((-2)/(-20)). Let y(s) = -2845 - s + 2836 + s**2 - q*s. What is y(12)?
3
Suppose -2 + 14 = 3*s. Let j(u) be the first derivative of u**4/4 - 2*u**3/3 - 2*u**2 - u - 175. What is j(s)?
15
Suppose 2*h - 14 = -5*i, 2*h + 0*h + 26 = 5*i. Let k(a) = 2*a**2 + 12*a - 8*a + a**2 + 3*a**2 - i + a**3. Give k(-4).
12
Let n(q) = 99*q - 21. Let f(u) = 85*u - 20. Let v(c) = -7*f(c) + 6*n(c). What is v(10)?
4
Let j(z) = -3*z - 1. Let r(q) = -q + 1. Let w be r(-6). Let i be (w/14)/((-1)/(-2)). Suppose i = -3*l - 8. Determine j(l).
8
Let s(t) be the first derivative of t**4/4 - 10*t**3/3 + t**2/2 - 6*t - 68. Calculate s(10).
4
Let z(w) = 5 + 7 - 7*w**2 + 2*w + w**3 + 2*w - 6. What is z(5)?
-24
Let j(r) = -5*r**2 - 22*r - 10. Let m be j(-4). Let o(g) = -12*g - 1. Calculate o(m).
23
Let u(y) = -y**2 + 2*y + 1. Let m(v) = -v**2 + 8*v - 1. Let c(p) = -m(p) + 2*u(p). What is c(-6)?
-9
Let c(l) = 3*l**3 + 12*l**2 - 11*l + 2. Let u(i) be the first derivative of i**4/4 + 31. Let j(w) = c(w) - 4*u(w). Give j(11).
2
Let i(l) be the third derivative of -l**4/12 - 7*l**3/6 + 39*l**2 + 11. Suppose -7 = q + 2*a, 0*q + 4*a - 7 = q. What is i(q)?
7
Let d(z) = -4*z + 22. Let p be d(8). Let o(a) = -a**3 - 11*a**2 - 12*a + 8. What is o(p)?
28
Let f(j) = 3*j**2 - 2*j - 2. Let r(a) = -a**3 - 3*a**2 + 5*a + 6. Let p be r(-4). What is f(p)?
6
Let l be ((-18)/(-4) - -1)*2. Let k = l + -15. Let j(m) be the third derivative of m**5/60 + m**4/6 - 2*m**2. Determine j(k).
0
Let m(s) = -s**2 + s. Let q(w) = -w**3 - w**2 + 6*w - 3. Suppose -a - 5 = 0, -4*b - a - 9 = -2*b. Let v(o) = b*m(o) + q(o). What is v(2)?
1
Let q(y) = -y**3 - 6*y**2 - 2*y - 5. Suppose -320*o = -331*o - 44. Determine q(o).
-29
Suppose -2*n = 3*p + 3, 5*p + 20 + 4 = 3*n. Let u(o) = o**3 - o + 2*o**n - o**3 + 3*o**3 - o**2. What is u(-1)?
-5
Let q(h) = -h**3 - 3*h**2 - 2*h + 3. Suppose 3*n + 54 = 9*n. Suppose 0 = 27*l - 30*l - n. Calculate q(l).
9
Let s(i) = -i**3 - i + 11. Suppose -3*f - 120 = -8*f. Suppose 19*v - f*v = 0. Give s(v).
11
Let a(z) = z + 1. Suppose 6*p - 3*p = 0. Let m = p - 9. Let s = m + 12. Calculate a(s).
4
Let c(k) = -k**3 - 5*k**2 + 7*k + 4. Suppose -2*m + 35 - 47 = 0. Determine c(m).
-2
Let o be (2/4)/(3/(-24)). Let c be 0*(-3 - -1)/o. Suppose -2*m + 6 = -c*m. Let d(k) = 2*k**2 - 3*k. Determine d(m).
9
Let k(r) = 7*r + 1 + 8*r + 0*r. Give k(1).
16
Let b(y) = 7*y**3 + 3*y - 3. Let n(u) = -20*u + 581. Let r be n(29). What is b(r)?
7
Let l(p) = 2*p**2 - 14*p + 7. Let r(f) = -f**3 + 6*f**2 - 5*f. Let i be r(2). Determine l(i).
-5
Let d(j) = -2*j + 1. Let p(g) = -g**2 - 7*g + 15. Let t be p(-9). Calculate d(t).
7
Let i(n) = 54*n + 54*n - 6 + 57*n - 164*n. Give i(-5).
-11
Let o(z) = -4*z. Let y = 53 - 51. Suppose -4*n + 5*t = y*t + 4, -2*n + t - 2 = 0. Calculate o(n).
4
Let x be (9/1)/((-6)/(-4)). Let k be -5*((-7)/5 + 1). Let i(u) = -11*u + 5*u - 4*u**k + 5*u**2 + 0*u**2. Determine i(x).
0
Let z(n) = -2*n**3 + 13*n**2 - 7*n + 2. Let f(y) = 147*y + 888. Let a be f(-6). What is z(a)?
-4
Let b(n) be the first derivative of 7*n**3/3 + 13*n**2/2 + 6*n - 7. Let a be (3 + -8)*(-6)/(-5). Let x(f) = -f**2 - f. Let c(w) = a*x(w) - b(w). What is c(-5)?
4
Let a(i) be the first derivative of -i**4/4 + 2*i**3/3 - 2*i**2 + 3*i - 337. What is a(2)?
-5
Suppose 5*t - 2*b - 371 = 0, -t = -0*t - 4*b - 67. Suppose -3*r - t = 2*r. Let l be 63/r + 1/5. Let a(x) = x**2 + x. Give a(l).
12
Let o(z) = -z**3 - z**2 + z - 1. Let m(i) = 3*i**3 + 10*i**2 - 12*i - 7. Let d(y) = m(y) + 2*o(y). Let v be d(-9). Let f(w) = -w + 10. Give f(v).
10
Let m(r) = r**2 + 6*r - 3. Let d = -2399 - -2390. What is m(d)?
24
Let w = -7 + 23. Suppose 0 = 4*z + 2*g - w, -z = 4*z + 5*g - 20. Let c(r) = 5*r + 2. Calculate c(z).
22
Let d(h) = 2*h**2 - h + 2. Let o be ((-6)/(-5) + -4)*-5. Let m be (-7)/o*-4*1. Give d(m).
8
Let b = 48 - 46. Let g be ((-1)/b)/(-2*(-1)/(-28)). Let t(x) = x**2 - 7*x + 6. What is t(g)?
6
Let z(m) be the first derivative of 7*m - 2*m**2 - 1/3*m**3 + 5. Calculate z(-5).
2
Let f = 10 - 3. Suppose -c - 3 = -w - f, 5*w + 17 = 4*c. Let v(l) = 7*l + 1. Give v(w).
-6
Let f(s) = -2*s - 4. Let q(u) = -2*u**3 + 126*u**2 + 128*u - 2. Let w be q(64). Determine f(w).
0
Let v(u) = -51 - u + 110 - 48. Determine v(9).
2
Let x(v) = -v**3 + 5*v**2 - 3*v - 4. Let n be (-103)/(-5) + (-12)/(-30). Let a = 11 - n. Let p = 14 + a. Determine x(p).
0
Let v(q) = -2 - 168*q**2 + 317*q**2 + 0 - 14*q + q**3 - 162*q**2. Give v(14).
-2
Let k be (-10)/35 + (-86)/(-7). Suppose 13*g - k = -64. Let n(a) = 5*a + 4. What is n(g)?
-16
Let g(z) = 8*z**3 - 8 - 9*z**3 + 17. Let a(b) = b**3 + 10*b**2 + 10*b + 9. Let w be a(-9). Calculate g(w).
9
Let j = 12 + -7. Suppose -26 = 4*v + 3*t, -3*v + 5*v + 20 = -j*t. Let p(z) be the third derivative of -z**4/24 - z**3/2 - 40*z**2 - 3. Calculate p(v).
2
Let z(m) = -